 a.
2
Suppose -4278 = -45*y + 22*y. What is the highest common divisor of 837 and y?
93
Let h(w) = -2*w**3 - 16*w**2 - 7*w - 11. Let i be h(-8). What is the highest common factor of i and 30?
15
Suppose -3*x = 2*m - m + 5, -6 = 3*x. Let w be m*198/(-4)*(0 - 2). What is the highest common factor of w and 11?
11
Suppose 6*a - 327 = -303. Calculate the highest common factor of a and 16.
4
Let r(i) = 2*i**3 + 15*i - 12. Let l be r(7). Calculate the highest common divisor of l and 19.
19
Suppose 152 = g + 3*h, 4*g - 608 = 3*h - 8*h. Calculate the greatest common factor of g and 38.
38
Let b(k) = -3*k**2 + 44*k + 5. Let x be b(4). Calculate the greatest common factor of 28 and x.
7
Suppose -8*z + 10*z = 12. Suppose -s - 7 = -5*h - 3, -3*s + z = 3*h. Calculate the highest common divisor of h and 13.
1
Let x(a) = a**2 + 21*a + 16. Let j be x(-21). Suppose 2*k + j - 2 = 4*q, 0 = q + 3*k - 21. Let l = 164 - 110. Calculate the greatest common factor of l and q.
6
Suppose 7*w - 13200 = -3*w. What is the greatest common divisor of 55 and w?
55
Let k(f) = 1246*f**3 - 4*f**2 + 3*f. Let i be k(1). What is the highest common divisor of i and 15?
15
Let c = 162 - 107. Let m(a) = a**2 - 33*a - 223. Let y be m(39). What is the highest common factor of c and y?
11
Suppose -4*y - 12 = 0, -9*z + 7*z = 5*y - 235. What is the highest common divisor of z and 75?
25
Suppose -u + 215 = -8*o + 5*o, 0 = -2*o. Calculate the highest common divisor of 817 and u.
43
Let b = 81 + -65. Suppose -7*c - 518 = -3*h - 2*c, -2*c + 4 = 0. What is the highest common factor of h and b?
16
Let q(p) = 7*p**2 + 2*p + 1. Let y be q(-2). Let k = -81 - -356. Calculate the highest common divisor of y and k.
25
Suppose 0 = 48*t + 255 - 831. Calculate the highest common divisor of 150 and t.
6
Let j = -265 - -340. What is the highest common factor of j and 225?
75
Let k(d) = 2*d**2 - 18. Let i be k(-8). What is the highest common factor of 20 and i?
10
Let y be 46/115 + 1/(-5)*-358. Calculate the greatest common divisor of 16 and y.
8
Let b(x) = -x**3 - 4*x**2 - x + 2. Let w(p) = p - 5. Let j be w(5). Suppose j = 3*y - 3 + 21. Let v be b(y). What is the greatest common divisor of v and 10?
10
Suppose -2*w + 14 = -3*w + 5*j, 0 = -j + 3. Suppose -2*n + 5 = -w. Let l = 11 - n. What is the greatest common factor of 64 and l?
8
Let t(a) = a**3 + 25*a**2 + 25*a + 3. Let x be t(-24). Let z(c) = 2*c**3 + 43*c**2 + 8*c + 15. Let l be z(x). What is the greatest common divisor of 12 and l?
12
Let y be 10 + (5 - (0 - (2 + -6))). Calculate the highest common factor of 176 and y.
11
Let y = 289 - 234. Calculate the greatest common factor of y and 10.
5
Suppose -844 = -2*s - 2*r, -4*s = 2*r + 3*r - 1686. What is the highest common divisor of s and 8?
8
Let h = 69 - 72. Let n be (-2 - 6/(-4))*(h + -49). Calculate the greatest common divisor of 104 and n.
26
Let i = 42 - 27. What is the highest common divisor of 12 and i?
3
Let m be 1311 - 8/(-12)*6. Let v be (-3)/5 - m/(-25). Calculate the greatest common divisor of v and 13.
13
Let k = 31 - 1. Let z = -354 + 429. What is the greatest common divisor of k and z?
15
Suppose -c = -5*j - 335, 52*c + 1567 = 57*c + 2*j. Let l be 14*(-1 - -2) + 1. What is the greatest common factor of l and c?
15
Let x(o) = 3*o**2 + 11*o + 15. Let q be x(-5). Calculate the greatest common factor of 10 and q.
5
Let h(g) = 37*g. Let z be h(6). Suppose v + 0*u - 33 = -4*u, -5*v + z = u. Let l be 1/(2 + (-105)/54). Calculate the greatest common factor of l and v.
9
Let m(p) = p - 19. Let s be m(6). Let a be s - (-2 + 0 + 3). Let b = a + 17. Calculate the greatest common divisor of 12 and b.
3
Suppose -6*g + 44 = 14. Let y be (g/3)/(4*5/840). Calculate the highest common divisor of 20 and y.
10
Suppose 0 = -j - 6*j + 77. Let k(f) be the second derivative of 4*f**3/3 - 11*f**2/2 + 3*f. Let a be k(11). What is the greatest common divisor of j and a?
11
Let t be 14*(12/21 - -2). Let c = -1 + -2. Let z be 3 - 17/1*c. Calculate the highest common factor of z and t.
18
Let b(p) = p**3 - 9*p**2 - 12*p + 11. Let s be b(10). Let a = 12 + s. Suppose -126 = -a*v + v. Calculate the greatest common divisor of v and 9.
9
Let l be (-2)/11 + 0 - (-1988)/44. Suppose 0*p = 5*p - 45. What is the greatest common divisor of p and l?
9
Let z(s) = -1 + 4*s - 3 - s. Let y be z(5). Suppose y*c + 81 = 14*c. What is the highest common factor of 18 and c?
9
Let f = -63 + 49. Let o = -9 - f. Let p(y) = 21*y**2 + 2*y + 1. Let j be p(-1). What is the greatest common divisor of o and j?
5
Let t be ((-406)/145)/((-4)/220). What is the greatest common factor of t and 847?
77
Let r be ((-44)/(-5))/(10/50). Let k = r - 19. What is the highest common factor of k and 225?
25
Let w be 11 + 0 - (3 + -5). Let z = w - 12. What is the highest common divisor of z and 7?
1
Suppose k = 6 + 79. Suppose 0 = 4*c + c - k. Calculate the greatest common divisor of 119 and c.
17
Let q be ((-834)/(-30) - -1)/((-4)/(-20)). What is the greatest common divisor of q and 180?
36
Suppose -5*g + i + 24 = 2*i, -3*i = 4*g - 17. Let o = g + -5. Let x = 9 - o. Calculate the greatest common factor of x and 99.
9
Let k be -10 + (-9435)/(-60) + (-1)/4. Calculate the highest common factor of 3 and k.
3
Let i(x) = 41*x - 1082. Let t be i(52). What is the highest common divisor of t and 20?
10
Let n = 114 - -18. Let l = -68 + n. What is the highest common factor of 96 and l?
32
Let a be (-52)/(-14) + (-6)/(-21). Let l be 3 - 3*(-1 - a). Let o = 24 - l. Calculate the greatest common divisor of o and 48.
6
Suppose -4*o + 5*l + 37 = 0, 3*o + 0*l - 4*l = 29. Let a(c) = -o*c - 6*c + 6*c - 4. Let q be a(-7). Calculate the highest common factor of 187 and q.
17
Suppose -2*v + f + 1 = -7*v, -f = v + 1. Suppose c = -17 - v. Let k = 25 + c. What is the highest common divisor of 1 and k?
1
Suppose -2 = l + l. Let s(i) = -24*i - 1. Let f be s(l). Let k = 72 - 3. Calculate the greatest common factor of f and k.
23
Let i be 21/(-1)*-6 + 4. Let d = 2 - -3. Suppose 4*m + 5*r = -0*r + i, -d*m = 2*r - 171. What is the greatest common divisor of 7 and m?
7
Suppose 5*k + 4*u = 25, -k + 2*u + 6 = 1. Suppose 235 = 2*g - 3*r, -6*r + 535 = k*g - 3*r. What is the greatest common factor of g and 22?
22
Let a = 487 + -485. Suppose 0 = 5*i - 8 - 2. What is the greatest common divisor of i and a?
2
Let a be 1*(1 + 6/2). Suppose -6*s + 102 = -a*s. Let v = 1995 + -1978. Calculate the highest common factor of s and v.
17
Suppose 5*g - 6 = 14. Let j = 25 - 21. Suppose -1 + 21 = 2*p - j*l, -5*p - 4*l = -50. What is the greatest common factor of g and p?
2
Let j be 1*(21 - (7 + -4)). Let g(y) = -3 - 2 + 3*y - 6*y + 2. Let u be g(-5). Calculate the highest common divisor of j and u.
6
Suppose -3*m = 5*f - 28, f = m + 3 + 1. Let r = 8 - -37. Calculate the greatest common divisor of f and r.
5
Suppose 28*t - 13*t = 6000. Calculate the highest common factor of t and 64.
16
Let i(h) = 9*h**2 - 4*h - 48. Let v be i(-5). What is the highest common divisor of 1 and v?
1
Suppose -8 = s - 27. Let i be (-10)/15*36*-12. Let r = i + -193. What is the highest common factor of r and s?
19
Let l = 27 + -23. Suppose -5*w + l*d + 6 = 1, -5*d = -3*w - 10. What is the highest common divisor of 15 and w?
5
Suppose -448*h + 442*h + 78 = 0. What is the highest common factor of 1079 and h?
13
Let g(x) = 0*x - 6*x - 5 + 11*x. Let p be g(2). Suppose -5*b = v - 9, -2*b + 0*b + p*v - 18 = 0. Calculate the highest common divisor of b and 9.
1
Let t(k) = -k**2 - 10*k + 10. Let a be t(-8). Let h = -4 + a. Calculate the highest common factor of 2 and h.
2
Suppose -5*q + 414 = q. Suppose -y + q + 15 = 0. Calculate the greatest common divisor of 21 and y.
21
Let k be ((4 + -4)/1)/2. Suppose u + 5*m - 33 = k, -3*u + m = -2*m - 9. Calculate the highest common factor of u and 1.
1
Let h be (-86)/8 + (-1)/4. Let r = 25 - 21. Let u be h/(-2) + (-2)/r. What is the greatest common divisor of u and 20?
5
Let o = -9 - -45. Let g = o - 20. Let r = 19 - g. What is the greatest common factor of r and 27?
3
Suppose 0 = -f + 5 - 2. Let w(a) = a + 18. Let z be w(-10). Let q be z/14 + (-984)/(-42). Calculate the greatest common factor of q and f.
3
Suppose 2 = u - 1. Let g = 5 - u. Suppose 2 = -4*v + 6*v. Calculate the highest common fact